first derivative of -t**2 - 5*t - 1. Let v be z(-5). Calculate the remainder when 14 is divided by g(v).
4
Let l be 11/55 + 158/10. Let f = -11 + l. What is the remainder when 17 is divided by f?
2
What is the remainder when 73 is divided by (-4)/(-6) - 43*1/(-3)?
13
Suppose -148 = -3*i + p + 30, -5*i - 5*p = -270. Let n = -29 + i. What is the remainder when n is divided by (-2)/(-4)*1*30?
14
Let d(l) = l - 4 + 2*l + l**2 + 4*l. What is the remainder when -2 - (-13 - 0/2) is divided by d(-8)?
3
Let g = 7 - 8. Let k = -3 + g. Calculate the remainder when 3 is divided by 3/k - (-88)/32.
1
Let z = -46 + 27. Let n = -18 - z. What is the remainder when n is divided by 1?
0
Calculate the remainder when 34 is divided by ((-6)/(-2) + 4)/1.
6
Calculate the remainder when 59 is divided by (26/(-8))/((-4)/16).
7
Let p(u) = -18*u. Let l(t) = t. Let f(o) = -6*l(o) - p(o). Calculate the remainder when 45 is divided by f(1).
9
Let p = -21 - -42. What is the remainder when p is divided by (1 - (-1 + 6))*(-14)/7?
5
Let h = -60 + 69. What is the remainder when 51 is divided by h?
6
Let a = 13 - 9. Let b be a/(-6) - 88/(-24). Calculate the remainder when 34 is divided by b/(-6) + (-25)/(-2).
10
Suppose 0 = y + 2*y - 6. Suppose 0 = t - a - 12, 15 = -5*t - y*a + 54. Let c = 56 + -31. What is the remainder when c is divided by t?
7
Let j(n) = 0*n + 2 + 6*n**2 + n - n**3 - 7*n + 2. What is the remainder when 21 is divided by j(4)?
9
Let t(n) = -n**2 - 6*n + 2. Suppose 5*s = -3*g - 16, -21 = -2*g - 0*s + 3*s. Let j = g - 1. What is the remainder when t(-6) is divided by j?
0
Suppose -5*p + 415 = -0*p. What is the remainder when p is divided by 29?
25
Let f(b) = -3*b - 9. Let d = 5 + -11. Suppose -4*t + 2*a - 50 = -156, -a = 4*t - 103. What is the remainder when t is divided by f(d)?
8
Let n be 1 - -16*(-6)/(-4). Suppose 2 = j - n. Calculate the remainder when j is divided by 14.
13
Suppose -3*d - 5*s + 27 = -7, -22 = -4*d + 5*s. Let j = d + 2. Calculate the remainder when 18 is divided by j.
8
Let q = -14 - -41. What is the remainder when 107 is divided by q?
26
Suppose 5*h = 4*m + 91, -3*h - 4*m + 0*m = -61. Let k(w) = -w**2 - 10*w - 6. Calculate the remainder when h is divided by k(-8).
9
Calculate the remainder when 34 is divided by 17 + -1 + -8 + 4.
10
What is the remainder when 6 is divided by (-2)/(-1)*(-3)/(-2)?
0
Suppose -4*k - c + 372 = 0, k - 70 = -5*c + 4. Suppose -105 = 4*g + 127. Let o = g + k. What is the remainder when o is divided by 19?
17
Suppose 2*m - 4*h = 7*m - 23, -3*m = -h - 7. Suppose 0*l - 60 = -5*l. Suppose -q = -f - l, m*q + 4*f - 19 = 10. What is the remainder when 31 is divided by q?
9
Suppose -3*n - 2*n + 10 = 5*o, 2*n = -10. Let s = 8 + 3. Calculate the remainder when s is divided by o.
4
Let p(g) = -g**2 + 9*g + 18. Calculate the remainder when 55 is divided by p(10).
7
Suppose -117 = -76*q + 73*q. What is the remainder when 110 is divided by q?
32
Suppose -w - 1 = -4, -4*t - 2*w = -46. Let f(s) = -4*s - 19. What is the remainder when f(-17) is divided by t?
9
Let q(d) = 11*d + 13. Let z(l) = -l**2 + 10*l - 5. Calculate the remainder when q(6) is divided by z(5).
19
Suppose -5*n + 43 = 5*b + 3, -2*n + 10 = 5*b. What is the remainder when 38 is divided by n?
8
Let u = -2 - 0. Calculate the remainder when 4*(-5)/(-4) + 3 is divided by -2*(u - 1/2).
3
Let k be (4 - -2) + 1*2. What is the remainder when 18/(-3)*(-28)/k is divided by 11?
10
Let y be 3/(-9)*-1*6. Suppose -3 = 3*a + y*s, -5 = -2*a - 2*s + 3*s. Calculate the remainder when 1 is divided by a.
0
Suppose 0 = -6*h + 8*h - 14. What is the remainder when 18 is divided by h?
4
Suppose n - t - 62 = -0*t, 192 = 3*n - t. Calculate the remainder when n is divided by 22.
21
Let v(h) = h + 9. Let c be v(-7). Suppose c*n = 4*n - 14. What is the remainder when 34 is divided by n?
6
Let q(v) = -v. Let l be q(-6). Let t be -16 - (l + 2 + -5). Let i = 29 + t. Calculate the remainder when i is divided by 3.
1
Let s(i) be the first derivative of i**2/2 + i + 1. Let u be s(7). What is the remainder when 28 is divided by 1/4 - (-118)/u?
13
Calculate the remainder when 30 is divided by ((-80)/25)/(3/(-15)).
14
Let n(c) = 10*c**2 - c + 1. Let w be n(3). Let a = w + -60. Calculate the remainder when 111 is divided by a.
27
Suppose 22*o - 17*o = 270. What is the remainder when o is divided by 14?
12
Calculate the remainder when 186 is divided by 50 + 1/(-2)*6.
45
Let o = 51 - -51. Suppose 63 = 3*z + 3*s, 2*z + 2*s - o = -3*z. Let f = z + -6. Calculate the remainder when f is divided by 8.
6
Suppose 5*b - 168 = -8. Calculate the remainder when b is divided by 11.
10
Let t be (-3 + 81)*(-2)/(-2). Suppose -4*w + 5*j = 81, 0*w - 2*j - t = 3*w. Let b = 37 + w. Calculate the remainder when b is divided by 5.
3
Suppose -f - 4*o + 25 = 0, -2*f + 5 + 27 = -o. Calculate the remainder when 1/2*-7*-14 is divided by f.
15
Suppose -r = -5 + 3. Let f(g) be the third derivative of 5*g**4/8 + g**3/3 + 3*g**2. Calculate the remainder when f(r) is divided by 11.
10
Suppose 0*f + y - 7 = -4*f, 5*f - 12 = 2*y. Let v(d) = 2*d + 29. Calculate the remainder when v(-11) is divided by f.
1
Suppose -2*t = w + 2 + 1, -5*t - 20 = 0. Suppose -4*j - 9 = -g - 9*j, -w*g + 4*j + 132 = 0. Calculate the remainder when 69 is divided by g.
21
Suppose 3*s + 2 = 4*r, 2*r - 14 = -5*s - 0*r. Let o(d) = -5*d + 3*d + 1 + 4*d + 5*d**2. Calculate the remainder when o(-1) is divided by s.
0
Suppose 7*f = 3*f + 2*y + 182, 220 = 5*f - y. What is the remainder when f is divided by 15?
13
Let a = -101 - -109. Calculate the remainder when 63 is divided by a.
7
Let g be (7/(-2))/((-3)/120). Suppose -4*m + 272 + g = 0. What is the remainder when m is divided by 26?
25
Suppose 4*a + 2*m + 60 = m, 5*a - 2*m = -75. Let n = 8 - a. Calculate the remainder when n is divided by 5.
3
Calculate the remainder when (-3)/(6*(-3)/528) is divided by 13.
10
Suppose b + f = 54, -b + 0*f = 2*f - 51. Let r(c) = 4*c**2 - 1. Calculate the remainder when b is divided by r(-2).
12
Suppose -2*u - 1 = -13. Calculate the remainder when 14 is divided by u.
2
Calculate the remainder when 149 is divided by 1/(-5 + (-126)/(-25)).
24
Let w(n) = -n**3 + 4*n**2 + n. Let s(g) = -g + 18. Let v be s(0). Let m = v - -16. What is the remainder when m is divided by w(3)?
10
Let d(r) = -r**3 + 14*r**2 - 13*r. Let o be d(13). Suppose p - 13 = -o*p. Calculate the remainder when 62 is divided by p.
10
Let w = -2 - 6. Let z = 28 - w. What is the remainder when z is divided by 19?
17
Suppose 0 = -123*w + 128*w - 30. Calculate the remainder when 15 is divided by w.
3
Let z(n) = n**2 - 4*n - 1. Suppose 0 = -4*o, -4*t + 52 = 2*o - 0*o. Calculate the remainder when t is divided by z(5).
1
Calculate the remainder when (-27)/6*(-1 + -3) is divided by (0 + 2)/((-4)/(-20)).
8
Let x(o) = -o**3 + o**2 - 2*o + 22. What is the remainder when 60 is divided by x(0)?
16
What is the remainder when 53 is divided by ((-19)/(-4))/((-4)/(-16))?
15
Let s = 39 - 19. Suppose 4*m + 6 = -5*f + 74, 4*m = 8. Calculate the remainder when s is divided by f.
8
Suppose -3*f + 2*t + 34 = 0, -f - 2*t + 15 = -7. Suppose -13*w - 11 = -f*w. What is the remainder when -1*33/(-1) - 1 is divided by w?
10
Let s = 17 + -26. What is the remainder when 61 is divided by (-6)/s - 61/(-3)?
19
Suppose 0 = 3*w + 2*w + 3*g - 102, 5*w - 3*g = 108. Suppose 4*a + 16 = 48. What is the remainder when w is divided by a?
5
Let l(p) = -p**3 - 36*p**2 - 35*p + 28. Calculate the remainder when 2/(-4)*(-218)/1 is divided by l(-35).
25
Suppose 8 = -2*p + 2*o, o - 5 = -3*p + 3. Let l(a) = 5 - a**2 + 1 - p - a. Calculate the remainder when 19 is divided by l(0).
4
Let c = 1 + 11. Let l be ((-16)/(-20))/((-2)/(-10)). Suppose 2*u + 70 = l*u. What is the remainder when u is divided by c?
11
Suppose -4*m - 100 = -4*w, 38 = w - 5*m + 5. Let i = -3 - w. Let v = i - -42. Calculate the remainder when v is divided by 6.
4
Let x = 0 - -2. Calculate the remainder when 8 is divided by (-24)/20*(-5)/x.
2
Suppose 5*h + 5*z = 35 - 5, z + 26 = 3*h. What is the remainder when 1/(3 - (-356)/(-120)) is divided by h?
6
Let n(z) = -2*z. Let x be n(2). Let p = x + 11. What is the remainder when 25 is divided by p?
4
Suppose 5*m - 9 - 11 = 0. What is the remainder when 9 is div